 + w*r + 2*r - 5. What is the units digit of s(2)?
1
Suppose 0 = 12*y - 2208 - 36. What is the hundreds digit of y?
1
What is the units digit of (3 - -19)/(1 - -1)?
1
Let c be (0 + 11)/(2/(-16)). What is the units digit of (9/(-6))/(4/c)?
3
Suppose 0 = k + 5*b + 26, 2*k + 19 = -2*k - 3*b. Let q be 0/k + (-4)/(-2). Suppose 0 = h + q - 4. What is the units digit of h?
2
Let t = -31 - -48. What is the tens digit of t?
1
Suppose 7*l = 6*l + 172. What is the units digit of l?
2
Let a be (3 - 2)/((-3)/(-42)). Suppose 4*k - 10 - a = 0. What is the units digit of k?
6
Suppose -4*g + 226 = -230. What is the hundreds digit of g?
1
Let d be (-6)/((-4)/2 - -3). Let o(m) = 0*m**2 + m**2 + 0*m + 5*m + 2. What is the units digit of o(d)?
8
Suppose 0 = 4*q + 12, -4 = 2*p + 5*q + 9. Let y be (-3 - -2*3)*p. Suppose -6*j = -y*j - 15. What is the units digit of j?
5
Let l(n) = n + 8. Let k be l(4). Let a = -1 + -3. Let x = a + k. What is the units digit of x?
8
Let z(x) = -x**2 - 3 + 6*x + 5 - 4. What is the units digit of z(3)?
7
Let o = -479 - -267. Let l be o/(-26) - 4/26. Let g = l - 5. What is the units digit of g?
3
Suppose 0 = 4*u + u - 30. Suppose c - 4*p - 16 = 0, 5*c - 7*p + 2*p = 5. Let a = c + u. What is the units digit of a?
2
Suppose -5*i - 5 + 90 = -5*q, 4*q + 73 = 5*i. What is the units digit of 8/2 - (13 + q)?
3
Let w = 82 + 37. What is the units digit of w?
9
Suppose 0 = -2*s - s + 27. Suppose -3*h + 46 = 7. Let u = h - s. What is the units digit of u?
4
Let z be (-2)/(-1) - -7 - 2. Let r(k) = -k**2 + 6*k + 9. Let o be r(z). What is the units digit of o/(4/(-6) + 1)?
6
Let n = 287 + -165. What is the hundreds digit of n?
1
Let q = 12 - 7. What is the units digit of (-3 + q)*(-14)/(-4)?
7
Suppose -5*d = w + 10, w + 2*d + 8 = -2*d. Suppose -3*m + 99 = -w*m. What is the units digit of m?
3
Suppose r - 324 = -3*r. What is the units digit of r?
1
Let g = 22 - 6. What is the tens digit of g?
1
Suppose c = -m - 8 - 1, -4*c - 16 = 2*m. Let h = 12 - m. What is the units digit of h?
2
What is the units digit of 422/5 + (-18)/45?
4
Let m be 44/16 + (-3)/(-12). Suppose c + m = 9. Let f(j) = j**3 - 5*j**2 - 4*j + 2. What is the units digit of f(c)?
4
Suppose -3*n + 1 = 4*p - 14, 25 = 5*n + p. Suppose 0 = 3*q - z - 1, -n*q - z - 4 = 3*z. Let r = 3 - q. What is the units digit of r?
3
Suppose -630 = -4*g - 2*g. What is the tens digit of g?
0
Let f(s) = -s - 6. Let i be f(0). What is the units digit of (-4)/i*-3 + 3?
1
Suppose -3*j + 76 = 4*o, -o = -2*j - 2*o + 49. Suppose j = 4*l + p, 4*p + 8 - 4 = 4*l. What is the units digit of l?
5
Let o = 17 - -8. Let v = -9 + o. What is the units digit of v?
6
Suppose 8*v + v = 999. What is the hundreds digit of v?
1
Suppose n - 4*k = -2*k + 8, -12 = 3*k. Suppose n = 3*g - 0*g + 12. Let j = g + 5. What is the units digit of j?
1
What is the tens digit of (65 - 1)/(4/4)?
6
Suppose 2*i - 4*i = 0. Suppose x - 17 = -i*x. What is the tens digit of x?
1
What is the tens digit of (-17*1)/((-2)/22)?
8
Suppose -2*j + 4*i + 178 = 0, 5*j + i - 6*i - 420 = 0. Let d = j - 33. What is the units digit of d?
6
What is the units digit of -6*((-2)/1)/4?
3
Let t(w) = 4*w + 7. Let n be t(-4). Let d(f) = -15*f**3 + f. Let u be d(-1). Let r = u + n. What is the units digit of r?
5
Let l(f) = f**2 - 3*f - 4. Let t be l(4). Let i be (t + -35)/(3/9). What is the units digit of 5*7/(i/(-18))?
6
Let m = -276 + 404. What is the units digit of m?
8
Let h(p) be the second derivative of p**5/20 - 3*p**4/4 + 4*p**3/3 + 3*p**2 + 2*p. What is the units digit of h(8)?
6
Let q be -11*14/(-2) + -2. Suppose 4*d = -d + q. Suppose -m + 1 = -2*t - 0, -5*t - m + d = 0. What is the units digit of t?
2
Let a(j) = 2*j**2 + j - 1. Let t be a(1). Suppose t*y - 6*y = -72. What is the units digit of y?
8
Let d(u) = -u - 3. Let x be d(-9). What is the units digit of -15*(0 + x/(-15))?
6
Let u(f) = f**2 + 5*f - 5. Let m be (-4)/8*(13 - -1). What is the units digit of u(m)?
9
What is the hundreds digit of ((-688)/40)/(1/(-15))?
2
Let i(d) = d**2 + 6*d - 5. Let y be i(-5). Let u be y/25 + 24/10. Suppose 40 = u*l + 3*l. What is the units digit of l?
8
Suppose -19*d = -22*d + 639. What is the units digit of d?
3
Let w(v) be the second derivative of -3*v + 0 + 1/6*v**3 + 7/2*v**2. What is the units digit of w(0)?
7
Let z(h) = 10*h**2 - h - 7. What is the tens digit of z(3)?
8
Suppose j - 1 = 16. What is the units digit of j?
7
Suppose -3*x = -5*x - 3*n + 109, -4*n = 4*x - 212. What is the tens digit of x?
5
Suppose -4*t - 2*k = -58, -19 = -5*k - 4. Suppose 3*j = x + 4, 2*x + 0*j - t = -j. What is the units digit of x?
5
Suppose -2*q = -4*q - o - 5, 2*q + 5*o = 15. Let y be q/((-5)/2) - 7. What is the units digit of 1/((-3)/(-6)) - y?
7
Let c(v) = -2*v**2 + v + 2. Let m be c(2). Let n = m - -4. Suppose n*u + 11 = -5*w + 4*u, -w + 3*u = 11. What is the units digit of w?
1
What is the tens digit of 28 + 0 + (5 - 1)?
3
Suppose 4*x - 31 = 3*o - 4*o, -5*x - 4*o = -36. Suppose -r = -3*r + x. Let n(f) = 3*f - 2. What is the tens digit of n(r)?
1
Let k be (6/(-4))/(1/(-2)). Suppose k*m - 115 = -40. What is the units digit of m?
5
Let g(s) = 6*s**2 - 4*s + 3. What is the units digit of g(1)?
5
Suppose 0 = 3*z - 0*z - 90. Suppose -z + 6 = -3*n. Suppose -2*i = -2*q + n, 3*i - 66 + 14 = -5*q. What is the units digit of q?
8
Let h = -5 + 8. Suppose i - 14 = -h*m, 6*i + 5*m = 2*i + 91. What is the units digit of i?
9
Suppose 2*y + 59 = 181. What is the units digit of y?
1
Let h(i) = 7*i - 1. Let u be h(1). Let m be (-2)/6 - (-7)/3. Suppose 0 = -2*x, f = u*f - m*x - 60. What is the units digit of f?
2
Let r(f) = f**2 + 12*f + 8. Let q = -19 - -7. What is the units digit of r(q)?
8
Let h(p) = -8*p**2 + 0*p**3 - 5*p**2 + 2*p**2 + 2 - p**3 - 10*p. Let d be h(-10). Suppose -d*j - 16 + 46 = 0. What is the tens digit of j?
1
Suppose 0 = 5*r + l - 4 + 18, -14 = 3*r - 5*l. Let q(t) = 2*t**2 + 2*t - 1. What is the tens digit of q(r)?
1
Suppose 2*t + 66 = -0*t. Let m = 97 + t. Suppose -o - 3*o + m = 0. What is the tens digit of o?
1
Let p(t) = 4 - t**2 - 4 + t + 1. Let g(s) = s**3 - 4*s - 6. Let i(b) = -g(b) - 4*p(b). What is the units digit of i(4)?
2
Suppose 4*d + 18 = 2*f, d + 15 + 3 = 5*f. Suppose -3*z = -3 - f. Suppose 9 = i - z. What is the tens digit of i?
1
Let l = -32 + 63. What is the units digit of l?
1
Suppose 4*j = -4 + 12. Let z(w) = -w + 4. What is the units digit of z(j)?
2
Let n = 34 + -22. Let b = n + 11. Let g = b + -14. What is the units digit of g?
9
Suppose 60 = -5*s + 10*s. What is the units digit of s?
2
Let u(n) = -3*n**3 - n + 2. Let k be u(2). Let l = k - -34. What is the tens digit of l?
1
Let y(w) = 2*w - 2. Let i = 2 - 3. Let r(z) = -z**3 - 1. Let t(q) = i*y(q) + 3*r(q). What is the units digit of t(-1)?
4
Let y = 14 + -12. What is the units digit of y?
2
What is the units digit of ((-297)/6)/((-5)/10)?
9
Let k(s) = -2*s**3 - 5*s**2 - 4*s - 3. Let p be -3*(0 + -1 - -2). Let h be k(p). Suppose -5*o + h = -2*o. What is the units digit of o?
6
Let v(o) = -3*o**2. Let m be v(-1). What is the units digit of 9 + -1 + (-3 - m)?
8
Let x(c) = 3*c**2 - 4*c + 1. Let o be x(-5). Suppose 0 = 2*k + k - o. Suppose 2*b + 12 = g, 0*b + 4*b = 4*g - k. What is the units digit of g?
4
Let s(t) = -6*t + 2. Let f be s(-2). Let v = f + -10. Let h(j) = j**3 - 3*j**2 - 4. What is the tens digit of h(v)?
1
Let l(z) = 4*z. Let u(o) = 3*o. Let n(k) = -2*l(k) + 3*u(k). What is the units digit of n(1)?
1
Let z = 25 + -23. Suppose z*o + 51 = 5*o. What is the units digit of o?
7
What is the tens digit of (-368)/(-24)*(4 - 1) + 2?
4
Let u(y) = -y**3 + 5*y**2 + 4*y + 13. What is the units digit of u(6)?
1
Let u(k) = 12*k - 2. What is the tens digit of u(12)?
4
Suppose -4*k = -199 - 57. What is the units digit of k?
4
What is the units digit of (-1)/((-1 + 14/13)/(-5))?
5
Suppose -2*n = -5*n + 60. What is the units digit of n?
0
Let l(d) = -d**2 - 5*d - 5. Let p be l(-4). Let a = p - 1. Let j(y) = y + 3. What is the units digit of j(a)?
1
Let t = 0 - 0. Let n = 4 + t. Let r = n - -11. What is the units digit of r?
5
Let l(f) = -6*f + 3. What is the units digit of l(-5)?
3
Let p(i) = 3*i - 2. Let t(j) = -3*j + 2. Let w(g) = 4*p(g) + 5*t(g). Let l be w(-4). Let x = -8 + l. What is the units digit of x?
6